ose 0 = 4*d - 346 + 106. Suppose -3*p + g = 4*a, 5*p - 25 = -5*a + d. What is the remainder when p is divided by 4?
3
Let b = -100 - -103. Suppose 23 = w + 5*v - 7*v, -b = -3*v. Calculate the remainder when 43 is divided by w.
18
Suppose -5*b + 4*v + 16 = -3*b, v = 4*b - 46. Suppose 1827 = -80*y + 8067. What is the remainder when y is divided by b?
6
Let x(k) = 18*k**3 - 2*k**2 - 15*k + 4. Let m be x(4). Suppose -9*l - 245 + m = 0. What is the remainder when l is divided by 23?
22
Suppose -692*t = -450*t - 7260. What is the remainder when -1 + (0 - -2) - -324 is divided by t?
25
Let b = 22944 - 22917. Calculate the remainder when 100 is divided by b.
19
Suppose 36*x - 2379 = -25*x. Calculate the remainder when 1981 is divided by x.
31
Let i = 8182 - 8169. Suppose t = 3*q - 9, 3 = -t - 2*t + 3*q. Calculate the remainder when i is divided by t.
1
Let i(r) = -2*r + 4. What is the remainder when 2365/10*32/88 is divided by i(-9)?
20
Let d = 226 - 221. Suppose -3*o + 0*k = 2*k - 349, -d*k = -4*o + 473. What is the remainder when o is divided by 35?
12
Let c(w) = 2*w - 17. Let q be c(10). Suppose -x + 37 = -2*f, -4*f - 116 = q*x - 27. Calculate the remainder when 23 is divided by f/(-8)*72/15.
11
Let d(p) = -p**2 - 8*p + 13. Suppose 3*y = -2*u - 0*u - 37, -2*y - 2*u = 28. Calculate the remainder when d(y) is divided by (-9)/(-72) + 7/8.
0
Suppose -2*r + 3613 = 23. Suppose 0*t - r = -5*t + 4*l, 5*l + 1427 = 4*t. Calculate the remainder when t is divided by 61.
58
Let z = 4791 + -4751. Calculate the remainder when 959 is divided by z.
39
Let s be 5 + 4 + 7182/7. Let t = s + -246. What is the remainder when t is divided by 99?
96
Suppose -22*f + 2*u + 801 = -23*f, 2*u = 0. Let o = f + 820. Calculate the remainder when 52 is divided by o.
14
Let i = 25431 - 25426. Let g(o) = 33*o - 1. Let c be g(1). Suppose c + 4 = 4*y. Calculate the remainder when y is divided by i.
4
Suppose 0 = x + 5*m + 21, -21 = -10*x + 6*x + m. Let q(r) = 9*r**2 - 5*r + 14. What is the remainder when q(x) is divided by 4?
2
Let d(k) = 2*k**2 + 3876*k + 30896. Let u(j) = 2*j**2 - 2*j - 3. Calculate the remainder when u(-5) is divided by d(-8).
9
Let p(h) = -921*h - 31. Let j be p(-5). Suppose 17*l - j + 664 = 0. What is the remainder when l is divided by 33?
32
Let l = 42 + -42. Suppose 7 = -l*b + b. Suppose -3*m - 144 = -b*m. What is the remainder when 177 is divided by m?
33
Let g(r) = -r**3 - 6*r**2 + 2. Let z be g(-6). Suppose -3*k - 5*f - 3 = 0, 3*f = z*k - 3*k + 3. Calculate the remainder when 11 is divided by 9/2 + (-3)/k.
1
Let v be (-166)/(-3) + 3/(-9). Suppose 29 + v = 3*n. Let z = 38865 + -38811. What is the remainder when z is divided by n?
26
Let p(f) = -2*f**3 + 172*f**2 - 168*f - 121. What is the remainder when 1652 is divided by p(85)?
35
Let i = 32 + 38. Let h = 4003 - 2788. Suppose h = 35*r - 45. What is the remainder when i is divided by r?
34
Suppose 5*u = 2*q + 1402, 0 = -3*u + 2*q + 434 + 412. What is the remainder when u is divided by 50?
28
Let z(f) = -3*f**2 + 9*f**2 - 7*f**2 + 8*f + 19 + 3*f. Let o be z(12). Suppose 170 = o*d - 61. What is the remainder when 62 is divided by d?
29
Let t = -16057 - -16222. What is the remainder when 803 is divided by t?
143
Let q = -214 - -214. Calculate the remainder when (q + -6 + 5)*(0 + -47) is divided by 8.
7
Let n(p) = 7*p**2 + 105*p + 43. Calculate the remainder when 212 is divided by n(-15).
40
Suppose 0*d = 3*d - 153. What is the remainder when d is divided by (2830/1698)/((-5)/(-126) - 0)?
9
What is the remainder when (153/255)/(1/7415) is divided by 14?
11
Let h(j) = -j**2 + 10*j - 23. Let b be h(5). Let o(a) = a**3 - 2*a**2 + a - 5. What is the remainder when o(4) is divided by -24*(-3 + b)*(-3)/(-6)?
7
Let f be (-2)/((0 + 2)*1). Let j(l) = -99*l - 1. Let q = -3114 + 3134. What is the remainder when j(f) is divided by q?
18
Let t = 52871 + -52838. Calculate the remainder when 1 + 112 + 0 + 0 is divided by t.
14
Let x(c) = -c**2 - 100*c - 950. Let j = 31 - -32. Calculate the remainder when x(-87) is divided by j.
55
Suppose -11 = -4*x + 1. Suppose -129 = -7*p + 3*p - j, -3*j = -x*p + 108. Let a(f) = 311*f**2 - 2173*f - 19. What is the remainder when p is divided by a(7)?
6
Let n(v) = 2*v**2 - 2*v + 30. Let r be 1*(-2)/(-9) - (-731)/153. What is the remainder when n(r) is divided by 19?
13
What is the remainder when 184603/31 - (-2)/31 is divided by 9?
6
Let s = 2506 - 2485. Let i(q) = -61*q + 4. What is the remainder when i(-3) is divided by s?
19
Let v = 49 + -42. Let h(b) = b**2 + 5*b - 3. Let y(l) = l**2 + 3*l - 2. Let f(d) = v*y(d) - 3*h(d). Calculate the remainder when f(-5) is divided by 34.
31
Let j be ((-81)/18)/(2/(-12)). Let q(a) = -a**3 + 28*a**2 - 24*a - 75. Calculate the remainder when 543 is divided by q(j).
3
Let j = 3 + 8. What is the remainder when (172/14)/(1 + (-15)/21) is divided by j?
10
Let g = -49 + 70. Calculate the remainder when g is divided by 23*1241/(-1679) + (-44)/(-2).
1
Let s(z) = -32*z + 19. Let f be s(-1). Suppose -3*v = -3*t + f, 3*t - 4*v - 30 = t. Calculate the remainder when t is divided by 4.
3
Let k be 2/((-7)/2*(-56)/1862). Let v(w) = -5*w + 196. Calculate the remainder when v(k) is divided by 23.
9
Calculate the remainder when 678 + (15 - 14)*5 is divided by 57.
56
Let s(u) = -43*u + 1. Suppose -23*r + 46*r - 3979 = 0. What is the remainder when r is divided by s(-1)?
41
Let v be 10 - -1 - (-1035)/(-45). Let p be 1*-2 - (1 + -18). What is the remainder when 2 is divided by v/p*((-45)/6)/3?
0
Suppose 808 = 4*j - 0*j. Suppose -4 = -2*h - 0, -3*z + h + j = 0. Let k = 470 + -460. What is the remainder when z is divided by k?
8
Suppose 8*d = i + 1219, d = 2*d + i - 149. Calculate the remainder when 742 is divided by d.
134
Suppose 7*r + 2*r = 15606. Suppose -2*b = b - r. What is the remainder when b is divided by 29?
27
Suppose 4*g - 2349 + 1973 = 0. Let x(s) = -s**2 - 9*s + 10. Let i = -4 - 3. What is the remainder when g is divided by x(i)?
22
Suppose 134 - 404 = -5*r. What is the remainder when 30/33 + -1 + 14250/55 is divided by r?
43
Let j = 973 - 85. Calculate the remainder when j is divided by 28.
20
Suppose -11*n = -4*a - 16*n + 112, -3*n - 12 = 0. Suppose 15 = 5*y - 0*y. Suppose y*l + 975 = 8*l. What is the remainder when l is divided by a?
30
Let f(v) = -v**3 - 5*v**2 + 10*v + 8. Let g be f(-6). Let b = -289 - -300. Calculate the remainder when -10*g*(-2)/(-10) is divided by b.
10
Let v be (-3)/2*2*-15. Suppose -698 = -3*l + 2*a - v, a - 447 = -2*l. What is the remainder when l is divided by 75?
71
Let s = -15 - -25. What is the remainder when (-9)/72 - (15/((-120)/697) - -6) is divided by s?
1
Calculate the remainder when 485 is divided by 10/(-40) + 27/(-4) - -36.
21
Let b = -2067 + 5209. What is the remainder when b is divided by 131?
129
Suppose 4904 = -16*w - 2248. Let h = 517 + w. What is the remainder when h is divided by 13?
5
Suppose 3*o = 6 + 6. Suppose 112 = -o*p + 412. Calculate the remainder when p is divided by (2/(-4))/((-13)/286).
9
Let c = 3268 - 3182. What is the remainder when ((-28)/(-6))/(8/276) is divided by c?
75
What is the remainder when 665/190 + 66/(-20) + 6578/10 is divided by 175?
133
Suppose -20 + 5 = 3*t. Let n = t + 28. Let o = n - -51. What is the remainder when o is divided by 19?
17
Let o = -219 + 222. Suppose o*t = 158 - 92. What is the remainder when 49 is divided by t?
5
Let m = 27 + -217. Let i = m - -206. Calculate the remainder when i is divided by 11.
5
Calculate the remainder when 121 is divided by -3 - (((-5)/5)/1*29 - 4).
1
What is the remainder when (-4)/30 - (239224/(-255) - -15) is divided by 28?
27
Let q = -5969 + 5981. Calculate the remainder when 1404 is divided by q.
0
Let o(d) = -253*d + 13. Let q be o(-7). Let u = q - 1741. What is the remainder when u is divided by (-4)/6 + (-70)/(-6)?
10
Let i = 3 - 6. Suppose -3*n + 5*n = -5*q + 8, -2*q - 2*n + 2 = 0. What is the remainder when 27 is divided by i/6 + 31/q?
12
Calculate the remainder when (16/24)/(((-140)/11613)/(-10)) is divided by 60.
13
Suppose 3*n = 3*q + 12 - 3, 31 = 3*q + 5*n. Suppose 5*l = 2*l - q*k + 24, -4*k = 12. What is the remainder when -5*(-3)/(-9) - (-2860)/60 is divided by l?
6
Suppose -8*o + 4015 = 3503. What is the remainder when o is divi